35?
7
What is the units digit of 299007?
7
What is the tens digit of 43739?
3
What is the units digit of 22239861?
1
What is the tens digit of 13425864?
6
What is the tens digit of 125332?
3
What is the units digit of 10082894?
4
What is the hundreds digit of 772679?
6
What is the tens digit of 1161589?
8
What is the hundreds digit of 335560?
5
What is the thousands digit of 3259493?
9
What is the ten thousands digit of 612718?
1
What is the thousands digit of 7645569?
5
What is the thousands digit of 2398473?
8
What is the ten thousands digit of 738036?
3
What is the ten thousands digit of 685482?
8
What is the millions digit of 20804468?
0
What is the units digit of 2372876?
6
What is the ten thousands digit of 27175100?
7
What is the tens digit of 13655475?
7
What is the hundreds digit of 541911?
9
What is the hundreds digit of 735370?
3
What is the hundred thousands digit of 430277?
4
What is the tens digit of 2572252?
5
What is the hundreds digit of 2448638?
6
What is the ten thousands digit of 742401?
4
What is the hundreds digit of 3647686?
6
What is the ten thousands digit of 2392976?
9
What is the tens digit of 3829970?
7
What is the ten thousands digit of 3004441?
0
What is the ten thousands digit of 580348?
8
What is the hundred thousands digit of 241002?
2
What is the hundred thousands digit of 2596196?
5
What is the ten thousands digit of 4091786?
9
What is the thousands digit of 5538140?
8
What is the tens digit of 41462?
6
What is the tens digit of 292862?
6
What is the ten thousands digit of 25784?
2
What is the hundreds digit of 2032652?
6
What is the units digit of 42291?
1
What is the tens digit of 41633?
3
What is the hundreds digit of 1569449?
4
What is the thousands digit of 927676?
7
What is the ten thousands digit of 1512669?
1
What is the thousands digit of 1709594?
9
What is the thousands digit of 396924?
6
What is the ten thousands digit of 7498966?
9
What is the thousands digit of 1131649?
1
What is the hundred thousands digit of 1628316?
6
What is the hundred thousands digit of 7332253?
3
What is the ten thousands digit of 290045?
9
What is the ten thousands digit of 17242712?
4
What is the millions digit of 2370203?
2
What is the thousands digit of 1248141?
8
What is the hundreds digit of 703806?
8
What is the thousands digit of 1837339?
7
What is the ten thousands digit of 675842?
7
What is the thousands digit of 3260064?
0
What is the tens digit of 312340?
4
What is the hundreds digit of 15933953?
9
What is the hundred thousands digit of 7529497?
5
What is the hundred thousands digit of 503958?
5
What is the units digit of 364910?
0
What is the hundred thousands digit of 163888?
1
What is the tens digit of 216253?
5
What is the thousands digit of 351904?
1
What is the units digit of 8427008?
8
What is the hundreds digit of 504055?
0
What is the tens digit of 22709957?
5
What is the thousands digit of 27954985?
4
What is the thousands digit of 2378872?
8
What is the units digit of 562188?
8
What is the units digit of 70238?
8
What is the units digit of 18564188?
8
What is the units digit of 292469?
9
What is the tens digit of 18389?
8
What is the millions digit of 15492151?
5
What is the ten thousands digit of 364952?
6
What is the units digit of 2462379?
9
What is the ten thousands digit of 6014874?
1
What is the units digit of 30829763?
3
What is the thousands digit of 10922870?
2
What is the tens digit of 149097?
9
What is the ten thousands digit of 53603?
5
What is the units digit of 477771?
1
What is the thousands digit of 26242797?
2
What is the thousands digit of 9992411?
2
What is the hundred thousands digit of 1214311?
2
What is the units digit of 550672?
2
What is the hundreds digit of 648292?
2
What is the thousands digit of 28613176?
3
What is the ten millions digit of 13408211?
1
What is the hundred thousands digit of 1708320?
7
What is the hundreds digit of 1662921?
9
What is the hundred thousands digit of 2644275?
6
What is the tens digit of 4080307?
0
What is the ten millions digit of 22324531?
2
What is the ten thousands digit of 490617?
9
What is the tens digit of 1218809?
0
What is the ten thousands digit of 29632878?
3
What is the thousands digit of 993489?
3
What is the hundreds digit of 901935?
9
What is the hundreds digit of 2678452?
4
What is the hundreds digit of 468925?
9
What is the thousands digit of 3589756?
9
What is the ten thousands digit of 678082?
7
What is the thousands digit of 11739275?
9
What is the units digit of 28152606?
6
What is the units digit of 363803?
3
What is the millions digit of 3707308?
3
What is the tens digit of 878774?
7
What is the hundreds digit of 155151?
1
What is the tens digit of 2994952?
5
What is the ten thousands digit of 1243637?
4
What is the hundreds digit of 154201?
2
What is the ten thousands digit of 416959?
1
What is the hundred thousands digit of 2265679?
2
What is the units digit of 109604?
4
What is the units digit of 587150?
0
What is the millions digit of 6126666?
6
What is the units digit of 127667?
7
What is the thousands digit of 1383266?
3
What is the hundreds digit of 2932498?
4
What is the millions digit of 7855233?
7
What is the hundred thousands digit of 9396925?
3
What is the thousands digit of 1779165?
9
What is the thousands digit of 5313588?
3
What is the ten thousands digit of 188058?
8
What is the hundred thousands digit of 24142496?
1
What is the tens digit of 6497007?
0
What is the units digit of 9600230?
0
What is the ten thousands digit of 2611084?
1
What is the tens digit of 9020?
2
What is the hundred thousands digit of 272158?
2
What is the thousands digit of 397340?
7
What is the tens digit of 1536542?
4
What is the thousands digit of 234257?
4
What is the tens digit of 2991330?
3
What is the thousands digit of 273022?
3
What is the ten thousands digit of 568578?
6
What is the units digit of 1433795?
5
What is the units digit of 4564287?
7
What is the thousands digit of 6755095?
5
What is the hundred thousands digit of 6055418?
0
What is the hundred thousands digit of 10097523?
0
What is the thousands digit of 22889477?
9
What is the units digit of 562034?
4
What is the ten thousands digit of 2011972?
1
What is the hundred thousands digit of 167888?
1
What is the hundred thousands digit of 8115143?
1
What is the thousands digit of 17653088?
3
What is the hundreds digit of 1374959?
9
What is the thousands digit of 171563?
1
What is the units digit of 405086?
6
What is the tens digit of 228176?
7
What is the tens digit of 251359?
5
What is the ten thousands digit of 19865197?
6
What is the hundred thousands digit of 6469054?
4
What is the millions digit of 1597823?
1
What is the thousands digit of 3273869?
3
What is the ten thousands digit of 4474217?
7
What is the thousands digit of 788273?
8
What is the hundreds digit of 99865?
8
What is the thousands digit of 3727448?
7
What is the hundred thousands digit of 411676?
4
What is the ten thousands digit of 7727470?
2
What is the thousands digit of 397222?
7
What is the hundreds digit of 158211?
2
What is the units digit of 6906459?
9
What is the hundreds digit of 7183459?
4
What is the units digit of 4193053?
3
What is the tens digit of 321310?
1
What is the ten millions digit of 10338045?
1
What is the tens digit of 1480798?
9
What is the ten thousands digit of 805048?
0
What is the thousands digit of 268800?
8
What is the tens digit of 2117866?
6
What is the tens digit of 449653?
5
What is the thousands digit of 362918?
2
What is the tens digit of 605589?
8
What is the units digit of 883262?
2
What is the hundreds digit of 790249?
2
What is the ten thousands digit of 182938?
8
What is the hundreds digit of 131032?
0
What is the ten thousands digit of 258023?
5
What is the millions digit of 24782915?
4
What is the tens digit of 486838?
3
What is the units digit of 5163620?
0
What is the hundreds digit of 330395?
3
What is the hundreds digit of 294538?
5
What is the hundreds digit of 21388935?
9
What is the ten thousands digit of 40523?
4
What is the tens digit of 77813?
1
What is the ten thousands digit of 92730?
9
What is the hundreds digit of 1169159?
1
What is the ten millions digit of 17404689?
1
What is the tens digit of 157414?
1
What is the tens digit of 34